    {"id":11076,"date":"2025-07-21T07:15:13","date_gmt":"2025-07-21T07:15:13","guid":{"rendered":"https:\/\/uniluxhvac.com\/product_content\/a-propos-de-votre-thermostat-unilux-pro-am\/"},"modified":"2026-03-18T16:49:45","modified_gmt":"2026-03-18T16:49:45","slug":"a-propos-de-votre-thermostat-unilux-pro-am","status":"publish","type":"product_content","link":"https:\/\/uniluxhvac.com\/fr\/product_content\/a-propos-de-votre-thermostat-unilux-pro-am\/","title":{"rendered":"\u00c0 propos de votre thermostat Unilux\u00a0Pro\u00a0AM"},"content":{"rendered":"\t\t<div data-elementor-type=\"wp-post\" data-elementor-id=\"11076\" class=\"elementor elementor-11076 elementor-9343\" data-elementor-post-type=\"product_content\">\n\t\t\t\t<div class=\"elementor-element elementor-element-df64245 e-flex e-con-boxed e-con e-parent\" data-id=\"df64245\" data-element_type=\"container\" data-e-type=\"container\">\n\t\t\t\t\t<div class=\"e-con-inner\">\n\t\t<div class=\"elementor-element elementor-element-a7ec23b e-con-full e-flex e-con e-child\" data-id=\"a7ec23b\" data-element_type=\"container\" data-e-type=\"container\">\n\t\t\t\t<div class=\"elementor-element elementor-element-88c4ff3 elementor-widget elementor-widget-heading\" data-id=\"88c4ff3\" data-element_type=\"widget\" data-e-type=\"widget\" data-widget_type=\"heading.default\">\n\t\t\t\t<div class=\"elementor-widget-container\">\n\t\t\t\t\t<h2 class=\"elementor-heading-title elementor-size-default\">Pr\u00e9sentation du thermostat Unilux\u00a0Pro\u00a0AM\n<\/h2>\t\t\t\t<\/div>\n\t\t\t\t<\/div>\n\t\t\t\t<div class=\"elementor-element elementor-element-dffe878 elementor-widget elementor-widget-image\" data-id=\"dffe878\" data-element_type=\"widget\" data-e-type=\"widget\" data-widget_type=\"image.default\">\n\t\t\t\t<div class=\"elementor-widget-container\">\n\t\t\t\t\t\t\t\t\t\t\t\t\t\t\t<img fetchpriority=\"high\" decoding=\"async\" width=\"800\" height=\"747\" src=\"https:\/\/uniluxhvac.com\/wp-content\/uploads\/2025\/06\/unilux_hvac.webp\" class=\"attachment-large size-large wp-image-11398\" alt=\"\" srcset=\"https:\/\/uniluxhvac.com\/wp-content\/uploads\/2025\/06\/unilux_hvac.webp 960w, https:\/\/uniluxhvac.com\/wp-content\/uploads\/2025\/06\/unilux_hvac-300x280.webp 300w, https:\/\/uniluxhvac.com\/wp-content\/uploads\/2025\/06\/unilux_hvac-768x717.webp 768w\" sizes=\"(max-width: 800px) 100vw, 800px\" \/>\t\t\t\t\t\t\t\t\t\t\t\t\t\t\t<\/div>\n\t\t\t\t<\/div>\n\t\t\t\t<div class=\"elementor-element elementor-element-3ca8cc3 elementor-widget elementor-widget-text-editor\" data-id=\"3ca8cc3\" data-element_type=\"widget\" data-e-type=\"widget\" data-widget_type=\"text-editor.default\">\n\t\t\t\t<div class=\"elementor-widget-container\">\n\t\t\t\t\t\t\t\t\t<p class=\"noSpacingAbove spacingBelow\" data-text-type=\"withSpacing\"><span class=\"fontSizeLarge\">Le thermostat Unilux\u00a0Pro\u00a0AM est un thermostat num\u00e9rique compact, enti\u00e8rement programmable qui vous permet de contr\u00f4ler chaque partie de votre syst\u00e8me de chauffage, de ventilation et de climatisation. Il est con\u00e7u pour fonctionner avec tous les ventilo-convecteurs, donc chaque r\u00e9sident d\u2019un condo ou d\u2019un appartement peut mettre \u00e0 niveau son syst\u00e8me de commande au profit d\u2019un autre qui convient \u00e0 ses pr\u00e9f\u00e9rences.<\/span><\/p><p class=\"noSpacingAbove spacingBelow\" data-text-type=\"withSpacing\"><span class=\"fontSizeLarge\"><strong>Remarque\u00a0: ce mod\u00e8le ne prend plus en charge l\u2019activation du\u00a0Wi-Fi.<\/strong><\/span><\/p>\t\t\t\t\t\t\t\t<\/div>\n\t\t\t\t<\/div>\n\t\t\t\t<div class=\"elementor-element elementor-element-3e178ec elementor-widget elementor-widget-heading\" data-id=\"3e178ec\" data-element_type=\"widget\" data-e-type=\"widget\" data-widget_type=\"heading.default\">\n\t\t\t\t<div class=\"elementor-widget-container\">\n\t\t\t\t\t<h2 class=\"elementor-heading-title elementor-size-default\">Caract\u00e9ristiques<\/h2>\t\t\t\t<\/div>\n\t\t\t\t<\/div>\n\t\t\t\t<div class=\"elementor-element elementor-element-df4c17c elementor-widget elementor-widget-text-editor\" data-id=\"df4c17c\" data-element_type=\"widget\" data-e-type=\"widget\" data-widget_type=\"text-editor.default\">\n\t\t\t\t<div class=\"elementor-widget-container\">\n\t\t\t\t\t\t\t\t\t<ul class=\"customListStyle\"><li>Grand \u00e9cran clair r\u00e9tro\u00e9clair\u00e9<\/li><li>Affichage de l\u2019heure 12\u00a0ou 24\u00a0heures<\/li><li>Affichage de la temp\u00e9rature en degr\u00e9s\u00a0Celsius ou\u00a0Fahrenheit avec r\u00e9solution de 1\u00a0\u00b0F ou de 0,5\u00a0\u00b0C<\/li><li>Modes chauffage, refroidissement et arr\u00eat<\/li><li>R\u00e9glages de ventilateurs faible, moyen, \u00e9lev\u00e9 et automatique<\/li><li>Programmable pour 4\u00a0programmes par jour, 7\u00a0jours sur\u00a07<\/li><li>La planification inclut la programmation, la mise en attente temporaire et permanente<\/li><li>La batterie de secours garde le temps en cas de coupure de courant et m\u00e9morise le point de consigne et les r\u00e9glages du programme<\/li><\/ul>\t\t\t\t\t\t\t\t<\/div>\n\t\t\t\t<\/div>\n\t\t\t\t<div class=\"elementor-element elementor-element-3494edb elementor-widget elementor-widget-heading\" data-id=\"3494edb\" data-element_type=\"widget\" data-e-type=\"widget\" data-widget_type=\"heading.default\">\n\t\t\t\t<div class=\"elementor-widget-container\">\n\t\t\t\t\t<h2 class=\"elementor-heading-title elementor-size-default\">Sp\u00e9cifications techniques\n<\/h2>\t\t\t\t<\/div>\n\t\t\t\t<\/div>\n\t\t\t\t<div class=\"elementor-element elementor-element-cef6619 elementor-widget elementor-widget-text-editor\" data-id=\"cef6619\" data-element_type=\"widget\" data-e-type=\"widget\" data-widget_type=\"text-editor.default\">\n\t\t\t\t<div class=\"elementor-widget-container\">\n\t\t\t\t\t\t\t\t\t<figure class=\"table canvasRteResponsiveTable tableLeftAlign\" title=\"Table\"><table class=\"simpleTableStyleNeutral customCells ck-table-resized\"><colgroup><col \/><col \/><\/colgroup><thead><tr><th colspan=\"2\"><p class=\"noSpacingAbove spacingBelow\" data-text-type=\"withSpacing\">Sp\u00e9cifications techniques du thermostat Unilux\u00a0Pro\u00a0AM\u00a0<\/p><\/th><\/tr><\/thead><tbody><tr><td><p class=\"noSpacingAbove spacingBelow\" data-text-type=\"withSpacing\"><strong>Affichage<\/strong><\/p><\/td><td><p class=\"noSpacingAbove spacingBelow\" data-text-type=\"withSpacing\">Affichage grand \u00e9cran\u00a0LCD transparent avec r\u00e9tro\u00e9clairage bleu<\/p><\/td><\/tr><tr><td><p class=\"noSpacingAbove spacingBelow\" data-text-type=\"withSpacing\"><strong>Affichages<\/strong><\/p><\/td><td><p class=\"noSpacingAbove spacingBelow\" data-text-type=\"withSpacing\">Humidit\u00e9 actuelle<\/p><p class=\"noSpacingAbove spacingBelow\" data-text-type=\"withSpacing\">Temp\u00e9rature r\u00e9gl\u00e9e en\u00a0Celsius ou\u00a0Fahrenheit<\/p><p class=\"noSpacingAbove spacingBelow\" data-text-type=\"withSpacing\">Temp\u00e9rature r\u00e9gl\u00e9e en\u00a0Celsius ou\u00a0Fahrenheit<\/p><p class=\"noSpacingAbove spacingBelow\" data-text-type=\"withSpacing\">Date &amp;amp; heure au format 12\u00a0ou 24\u00a0heures<\/p><p class=\"noSpacingAbove spacingBelow\" data-text-type=\"withSpacing\">Mode ventilateur (Auto, Bas, Moyen, Haut, \u00c9teint)<\/p><p class=\"noSpacingAbove spacingBelow\" data-text-type=\"withSpacing\">Mode de fonctionnement (Chauffage, Refroidissement, Vacances, \u00c9teint)<\/p><p class=\"noSpacingAbove spacingBelow\" data-text-type=\"withSpacing\">Mode de programmation (Maintien permanent, Maintien temporaire,<\/p><p class=\"noSpacingAbove spacingBelow\" data-text-type=\"withSpacing\">Programm\u00e9)<\/p><p class=\"noSpacingAbove spacingBelow\" data-text-type=\"withSpacing\">Programmes pr\u00e9vus\u00a0: 1, 2, 3, 4<\/p><p class=\"noSpacingAbove spacingBelow\" data-text-type=\"withSpacing\">Connect\u00e9 \u00e0 la carte de contr\u00f4le de l\u2019unit\u00e9 pour les entr\u00e9es manuelles<\/p><\/td><\/tr><tr><td><strong>Tension d\u2019alimentation<\/strong><\/td><td><p class=\"noSpacingAbove spacingBelow\" data-text-type=\"withSpacing\">20\u00a0\u00e0 30\u00a0V\u00a0c.a. \u00e0 50\/60\u00a0Hz (utilisant un transformateur de Classe\u00a02<\/p><p class=\"noSpacingAbove spacingBelow\" data-text-type=\"withSpacing\">homologu\u00e9\u00a0NEMA de 24\u00a0V\u00a0c.a.)<\/p><\/td><\/tr><tr><td><strong> Fusible<\/strong><\/td><td><p class=\"noSpacingAbove spacingBelow\" data-text-type=\"withSpacing\">Fusible r\u00e9initialisable mont\u00e9 sur la carte\u00a0\u2013\u00a0si le fusible continue de sauter, remplacez le thermostat.<\/p><\/td><\/tr><tr><td><strong>Indices environnementaux<\/strong><\/td><td><p class=\"noSpacingAbove spacingBelow\" data-text-type=\"withSpacing\">Temp\u00e9rature\u00a0: Fonctionnement de -18\u00a0\u00b0C \u00e0 49\u00a0\u00b0C (0\u00a0\u00b0F \u00e0 120\u00a0\u00b0F)<\/p><p class=\"noSpacingAbove spacingBelow\" data-text-type=\"withSpacing\">Stockage -29\u00a0\u00b0C \u00e0 49\u00a0\u00b0C (-20\u00a0\u00b0F \u00e0 120\u00a0\u00b0F)<\/p><p class=\"noSpacingAbove spacingBelow\" data-text-type=\"withSpacing\">Humidit\u00e9\u00a0: 5\u00a0% \u00e0 95\u00a0% d\u2019humidit\u00e9 relative (HR),\u00a0<\/p><p class=\"noSpacingAbove spacingBelow\" data-text-type=\"withSpacing\">sans condensation<\/p><p class=\"noSpacingAbove spacingBelow\" data-text-type=\"withSpacing\">Capteur de temp\u00e9rature mont\u00e9 sur la carte<\/p><p class=\"noSpacingAbove spacingBelow\" data-text-type=\"withSpacing\">(Optionnel) Capteur de temp\u00e9rature pour conduite d\u2019eau<\/p><p class=\"noSpacingAbove spacingBelow\" data-text-type=\"withSpacing\">(Optionnel) Capteur de temp\u00e9rature t\u00e9l\u00e9command\u00e9<\/p><\/td><\/tr><tr><td><strong>Bo\u00eetier<\/strong><\/td><td>Bo\u00eetier en plastique\u00a0\u2013\u00a0cache avant et arri\u00e8re<\/td><\/tr><tr><td><strong>Montage du bo\u00eetier \u00e9lectrique<\/strong><\/td><td><p>Montage du bo\u00eetier \u00e9lectrique\u00a0&#8211;\u00a0avec plaque adaptatrice murale en option (relie le cache arri\u00e8re du thermostat \u00e0 la plaque)<\/p><\/td><\/tr><\/tbody><\/table><\/figure><p>\u00a0<\/p>\t\t\t\t\t\t\t\t<\/div>\n\t\t\t\t<\/div>\n\t\t\t\t<\/div>\n\t\t<div class=\"elementor-element elementor-element-475d987 e-con-full e-flex e-con e-child\" data-id=\"475d987\" data-element_type=\"container\" data-e-type=\"container\">\n\t\t\t\t<div class=\"elementor-element elementor-element-b8a206a elementor-widget elementor-widget-heading\" data-id=\"b8a206a\" data-element_type=\"widget\" data-e-type=\"widget\" data-widget_type=\"heading.default\">\n\t\t\t\t<div class=\"elementor-widget-container\">\n\t\t\t\t\t<h2 class=\"elementor-heading-title elementor-size-default\">Liens utiles\n<\/h2>\t\t\t\t<\/div>\n\t\t\t\t<\/div>\n\t\t\t\t<div class=\"elementor-element elementor-element-bf14768 elementor-widget elementor-widget-text-editor\" data-id=\"bf14768\" data-element_type=\"widget\" data-e-type=\"widget\" data-widget_type=\"text-editor.default\">\n\t\t\t\t<div class=\"elementor-widget-container\">\n\t\t\t\t\t\t\t\t\t<p class=\"noSpacingAbove spacingBelow\" data-text-type=\"withSpacing\"><a href=\"https:\/\/uniluxhvac.com\/fr\/product_content\/installer-votre-thermostat-unilux-pro-am\/\">Installer votre thermostat Unilux\u00a0Pro\u00a0AM<\/a><\/p><p class=\"noSpacingAbove spacingBelow\" data-text-type=\"withSpacing\"><a href=\"https:\/\/uniluxhvac.com\/fr\/product_content\/comment-utiliser-votre-thermostat-unilux-pro-am\/\">Comment utiliser votre thermostat Unilux\u00a0Pro\u00a0AM<\/a><\/p>\t\t\t\t\t\t\t\t<\/div>\n\t\t\t\t<\/div>\n\t\t\t\t<\/div>\n\t\t\t\t\t<\/div>\n\t\t\t\t<\/div>\n\t\t\t\t<\/div>\n\t\t","protected":false},"featured_media":0,"template":"","product_name":[108],"content_group":[55],"class_list":["post-11076","product_content","type-product_content","status-publish","hentry","product_name-unilux-pro-am-thermostat","content_group-about"],"acf":[],"_links":{"self":[{"href":"https:\/\/uniluxhvac.com\/fr\/wp-json\/wp\/v2\/product_content\/11076","targetHints":{"allow":["GET"]}}],"collection":[{"href":"https:\/\/uniluxhvac.com\/fr\/wp-json\/wp\/v2\/product_content"}],"about":[{"href":"https:\/\/uniluxhvac.com\/fr\/wp-json\/wp\/v2\/types\/product_content"}],"version-history":[{"count":1,"href":"https:\/\/uniluxhvac.com\/fr\/wp-json\/wp\/v2\/product_content\/11076\/revisions"}],"predecessor-version":[{"id":11077,"href":"https:\/\/uniluxhvac.com\/fr\/wp-json\/wp\/v2\/product_content\/11076\/revisions\/11077"}],"wp:attachment":[{"href":"https:\/\/uniluxhvac.com\/fr\/wp-json\/wp\/v2\/media?parent=11076"}],"wp:term":[{"taxonomy":"product_name","embeddable":true,"href":"https:\/\/uniluxhvac.com\/fr\/wp-json\/wp\/v2\/product_name?post=11076"},{"taxonomy":"content_group","embeddable":true,"href":"https:\/\/uniluxhvac.com\/fr\/wp-json\/wp\/v2\/content_group?post=11076"}],"curies":[{"name":"wp","href":"https:\/\/api.w.org\/{rel}","templated":true}]}}

À propos de votre thermostat Unilux Pro AM

<div data-elementor-type="wp-post" data-elementor-id="11076" class="elementor elementor-11076 elementor-9343" data-elementor-post-type="product_content">
				<div class="elementor-element elementor-element-df64245 e-flex e-con-boxed e-con e-parent" data-id="df64245" data-element_type="container" data-e-type="container">
					<div class="e-con-inner">
		<div class="elementor-element elementor-element-a7ec23b e-con-full e-flex e-con e-child" data-id="a7ec23b" data-element_type="container" data-e-type="container">
				<div class="elementor-element elementor-element-88c4ff3 elementor-widget elementor-widget-heading" data-id="88c4ff3" data-element_type="widget" data-e-type="widget" data-widget_type="heading.default">
				<div class="elementor-widget-container">
					<h2 class="elementor-heading-title elementor-size-default">Présentation du thermostat Unilux Pro AM
</h2>				</div>
				</div>
				<div class="elementor-element elementor-element-dffe878 elementor-widget elementor-widget-image" data-id="dffe878" data-element_type="widget" data-e-type="widget" data-widget_type="image.default">
				<div class="elementor-widget-container">
															<img fetchpriority="high" decoding="async" width="800" height="747" src="https://uniluxhvac.com/wp-content/uploads/2025/06/unilux_hvac.webp" class="attachment-large size-large wp-image-11398" alt="" srcset="https://uniluxhvac.com/wp-content/uploads/2025/06/unilux_hvac.webp 960w, https://uniluxhvac.com/wp-content/uploads/2025/06/unilux_hvac-300x280.webp 300w, https://uniluxhvac.com/wp-content/uploads/2025/06/unilux_hvac-768x717.webp 768w" sizes="(max-width: 800px) 100vw, 800px" />															</div>
				</div>
				<div class="elementor-element elementor-element-3ca8cc3 elementor-widget elementor-widget-text-editor" data-id="3ca8cc3" data-element_type="widget" data-e-type="widget" data-widget_type="text-editor.default">
				<div class="elementor-widget-container">
									<p class="noSpacingAbove spacingBelow" data-text-type="withSpacing"><span class="fontSizeLarge">Le thermostat Unilux Pro AM est un thermostat numérique compact, entièrement programmable qui vous permet de contrôler chaque partie de votre système de chauffage, de ventilation et de climatisation. Il est conçu pour fonctionner avec tous les ventilo-convecteurs, donc chaque résident d’un condo ou d’un appartement peut mettre à niveau son système de commande au profit d’un autre qui convient à ses préférences.</span></p><p class="noSpacingAbove spacingBelow" data-text-type="withSpacing"><span class="fontSizeLarge"><strong>Remarque : ce modèle ne prend plus en charge l’activation du Wi-Fi.</strong></span></p>								</div>
				</div>
				<div class="elementor-element elementor-element-3e178ec elementor-widget elementor-widget-heading" data-id="3e178ec" data-element_type="widget" data-e-type="widget" data-widget_type="heading.default">
				<div class="elementor-widget-container">
					<h2 class="elementor-heading-title elementor-size-default">Caractéristiques</h2>				</div>
				</div>
				<div class="elementor-element elementor-element-df4c17c elementor-widget elementor-widget-text-editor" data-id="df4c17c" data-element_type="widget" data-e-type="widget" data-widget_type="text-editor.default">
				<div class="elementor-widget-container">
									<ul class="customListStyle"><li>Grand écran clair rétroéclairé</li><li>Affichage de l’heure 12 ou 24 heures</li><li>Affichage de la température en degrés Celsius ou Fahrenheit avec résolution de 1 °F ou de 0,5 °C</li><li>Modes chauffage, refroidissement et arrêt</li><li>Réglages de ventilateurs faible, moyen, élevé et automatique</li><li>Programmable pour 4 programmes par jour, 7 jours sur 7</li><li>La planification inclut la programmation, la mise en attente temporaire et permanente</li><li>La batterie de secours garde le temps en cas de coupure de courant et mémorise le point de consigne et les réglages du programme</li></ul>								</div>
				</div>
				<div class="elementor-element elementor-element-3494edb elementor-widget elementor-widget-heading" data-id="3494edb" data-element_type="widget" data-e-type="widget" data-widget_type="heading.default">
				<div class="elementor-widget-container">
					<h2 class="elementor-heading-title elementor-size-default">Spécifications techniques
</h2>				</div>
				</div>
				<div class="elementor-element elementor-element-cef6619 elementor-widget elementor-widget-text-editor" data-id="cef6619" data-element_type="widget" data-e-type="widget" data-widget_type="text-editor.default">
				<div class="elementor-widget-container">
									<figure class="table canvasRteResponsiveTable tableLeftAlign" title="Table"><table class="simpleTableStyleNeutral customCells ck-table-resized"><colgroup><col /><col /></colgroup><thead><tr><th colspan="2"><p class="noSpacingAbove spacingBelow" data-text-type="withSpacing">Spécifications techniques du thermostat Unilux Pro AM </p></th></tr></thead><tbody><tr><td><p class="noSpacingAbove spacingBelow" data-text-type="withSpacing"><strong>Affichage</strong></p></td><td><p class="noSpacingAbove spacingBelow" data-text-type="withSpacing">Affichage grand écran LCD transparent avec rétroéclairage bleu</p></td></tr><tr><td><p class="noSpacingAbove spacingBelow" data-text-type="withSpacing"><strong>Affichages</strong></p></td><td><p class="noSpacingAbove spacingBelow" data-text-type="withSpacing">Humidité actuelle</p><p class="noSpacingAbove spacingBelow" data-text-type="withSpacing">Température réglée en Celsius ou Fahrenheit</p><p class="noSpacingAbove spacingBelow" data-text-type="withSpacing">Température réglée en Celsius ou Fahrenheit</p><p class="noSpacingAbove spacingBelow" data-text-type="withSpacing">Date &amp;amp; heure au format 12 ou 24 heures</p><p class="noSpacingAbove spacingBelow" data-text-type="withSpacing">Mode ventilateur (Auto, Bas, Moyen, Haut, Éteint)</p><p class="noSpacingAbove spacingBelow" data-text-type="withSpacing">Mode de fonctionnement (Chauffage, Refroidissement, Vacances, Éteint)</p><p class="noSpacingAbove spacingBelow" data-text-type="withSpacing">Mode de programmation (Maintien permanent, Maintien temporaire,</p><p class="noSpacingAbove spacingBelow" data-text-type="withSpacing">Programmé)</p><p class="noSpacingAbove spacingBelow" data-text-type="withSpacing">Programmes prévus : 1, 2, 3, 4</p><p class="noSpacingAbove spacingBelow" data-text-type="withSpacing">Connecté à la carte de contrôle de l’unité pour les entrées manuelles</p></td></tr><tr><td><strong>Tension d’alimentation</strong></td><td><p class="noSpacingAbove spacingBelow" data-text-type="withSpacing">20 à 30 V c.a. à 50/60 Hz (utilisant un transformateur de Classe 2</p><p class="noSpacingAbove spacingBelow" data-text-type="withSpacing">homologué NEMA de 24 V c.a.)</p></td></tr><tr><td><strong> Fusible</strong></td><td><p class="noSpacingAbove spacingBelow" data-text-type="withSpacing">Fusible réinitialisable monté sur la carte – si le fusible continue de sauter, remplacez le thermostat.</p></td></tr><tr><td><strong>Indices environnementaux</strong></td><td><p class="noSpacingAbove spacingBelow" data-text-type="withSpacing">Température : Fonctionnement de -18 °C à 49 °C (0 °F à 120 °F)</p><p class="noSpacingAbove spacingBelow" data-text-type="withSpacing">Stockage -29 °C à 49 °C (-20 °F à 120 °F)</p><p class="noSpacingAbove spacingBelow" data-text-type="withSpacing">Humidité : 5 % à 95 % d’humidité relative (HR), </p><p class="noSpacingAbove spacingBelow" data-text-type="withSpacing">sans condensation</p><p class="noSpacingAbove spacingBelow" data-text-type="withSpacing">Capteur de température monté sur la carte</p><p class="noSpacingAbove spacingBelow" data-text-type="withSpacing">(Optionnel) Capteur de température pour conduite d’eau</p><p class="noSpacingAbove spacingBelow" data-text-type="withSpacing">(Optionnel) Capteur de température télécommandé</p></td></tr><tr><td><strong>Boîtier</strong></td><td>Boîtier en plastique – cache avant et arrière</td></tr><tr><td><strong>Montage du boîtier électrique</strong></td><td><p>Montage du boîtier électrique &#8211; avec plaque adaptatrice murale en option (relie le cache arrière du thermostat à la plaque)</p></td></tr></tbody></table></figure><p> </p>								</div>
				</div>
				</div>
		<div class="elementor-element elementor-element-475d987 e-con-full e-flex e-con e-child" data-id="475d987" data-element_type="container" data-e-type="container">
				<div class="elementor-element elementor-element-b8a206a elementor-widget elementor-widget-heading" data-id="b8a206a" data-element_type="widget" data-e-type="widget" data-widget_type="heading.default">
				<div class="elementor-widget-container">
					<h2 class="elementor-heading-title elementor-size-default">Liens utiles
</h2>				</div>
				</div>
				<div class="elementor-element elementor-element-bf14768 elementor-widget elementor-widget-text-editor" data-id="bf14768" data-element_type="widget" data-e-type="widget" data-widget_type="text-editor.default">
				<div class="elementor-widget-container">
									<p class="noSpacingAbove spacingBelow" data-text-type="withSpacing"><a href="https://uniluxhvac.com/fr/product_content/installer-votre-thermostat-unilux-pro-am/">Installer votre thermostat Unilux Pro AM</a></p><p class="noSpacingAbove spacingBelow" data-text-type="withSpacing"><a href="https://uniluxhvac.com/fr/product_content/comment-utiliser-votre-thermostat-unilux-pro-am/">Comment utiliser votre thermostat Unilux Pro AM</a></p>								</div>
				</div>
				</div>
					</div>
				</div>
				</div>
