    {"id":11065,"date":"2025-07-21T11:03:51","date_gmt":"2025-07-21T11:03:51","guid":{"rendered":"https:\/\/uniluxhvac.com\/product_content\/le-thermostat-unilux-pro-am-est-hors-ligne\/"},"modified":"2026-03-18T16:48:12","modified_gmt":"2026-03-18T16:48:12","slug":"le-thermostat-unilux-pro-am-est-hors-ligne","status":"publish","type":"product_content","link":"https:\/\/uniluxhvac.com\/fr\/product_content\/le-thermostat-unilux-pro-am-est-hors-ligne\/","title":{"rendered":"Le thermostat Unilux\u00a0Pro\u00a0AM est hors ligne"},"content":{"rendered":"\t\t<div data-elementor-type=\"wp-post\" data-elementor-id=\"11065\" class=\"elementor elementor-11065 elementor-9363\" data-elementor-post-type=\"product_content\">\n\t\t\t\t<div class=\"elementor-element elementor-element-df64245 e-flex e-con-boxed e-con e-parent\" data-id=\"df64245\" data-element_type=\"container\" data-e-type=\"container\">\n\t\t\t\t\t<div class=\"e-con-inner\">\n\t\t<div class=\"elementor-element elementor-element-a7ec23b e-con-full e-flex e-con e-child\" data-id=\"a7ec23b\" data-element_type=\"container\" data-e-type=\"container\">\n\t\t\t\t<div class=\"elementor-element elementor-element-3ca8cc3 elementor-widget elementor-widget-text-editor\" data-id=\"3ca8cc3\" data-element_type=\"widget\" data-e-type=\"widget\" data-widget_type=\"text-editor.default\">\n\t\t\t\t<div class=\"elementor-widget-container\">\n\t\t\t\t\t\t\t\t\t<p class=\"noSpacingAbove spacingBelow\" data-text-type=\"withSpacing\">Le thermostat Unilux\u00a0Pro\u00a0AM n\u2019est plus connect\u00e9 au\u00a0Wi-Fi. Vous pouvez acheter de nouveaux thermostats intelligents sur\u00a0<a href=\"https:\/\/uniluxdirect.com\/\" rel=\"nofollow noopener\" target=\"_blank\">https:\/\/uniluxdirect.com\/<\/a> ou contacter notre \u00e9quipe Pi\u00e8ces et service pour toute question.<\/p>\t\t\t\t\t\t\t\t<\/div>\n\t\t\t\t<\/div>\n\t\t\t\t<\/div>\n\t\t<div class=\"elementor-element elementor-element-475d987 e-con-full e-flex e-con e-child\" data-id=\"475d987\" data-element_type=\"container\" data-e-type=\"container\">\n\t\t\t\t<div class=\"elementor-element elementor-element-b8a206a elementor-widget elementor-widget-heading\" data-id=\"b8a206a\" data-element_type=\"widget\" data-e-type=\"widget\" data-widget_type=\"heading.default\">\n\t\t\t\t<div class=\"elementor-widget-container\">\n\t\t\t\t\t<h2 class=\"elementor-heading-title elementor-size-default\">Liens utiles\n<\/h2>\t\t\t\t<\/div>\n\t\t\t\t<\/div>\n\t\t\t\t<div class=\"elementor-element elementor-element-bf14768 elementor-widget elementor-widget-text-editor\" data-id=\"bf14768\" data-element_type=\"widget\" data-e-type=\"widget\" data-widget_type=\"text-editor.default\">\n\t\t\t\t<div class=\"elementor-widget-container\">\n\t\t\t\t\t\t\t\t\t<p class=\"noSpacingAbove spacingBelow\" data-text-type=\"withSpacing\"><a href=\"https:\/\/uniluxhvac.com\/fr\/product_content\/difficulte-a-lire-lecran-de-lunilux-pro-am\/\">Difficult\u00e9 \u00e0 lire l\u2019\u00e9cran de l\u2019Unilux\u00a0Pro\u00a0AM<\/a><\/p><p class=\"noSpacingAbove spacingBelow\" data-text-type=\"withSpacing\"><a href=\"https:\/\/uniluxhvac.com\/fr\/product_content\/le-thermostat-de-lunilux-pro-am-ne-se-reveille-pas\/\">L\u2019\u00e9cran de l\u2019Unilux\u00a0Pro\u00a0AM ne se r\u00e9veille pas<\/a><\/p><p class=\"noSpacingAbove spacingBelow\" data-text-type=\"withSpacing\"><a href=\"https:\/\/uniluxhvac.com\/fr\/product_content\/la-temperature-ambiante-natteint-pas-la-temperature-reglee-du-thermostat\/\">La temp\u00e9rature de la pi\u00e8ce n\u2019atteint pas la temp\u00e9rature r\u00e9gl\u00e9e du thermostat<\/a><\/p><p class=\"noSpacingAbove spacingBelow\" data-text-type=\"withSpacing\"><a href=\"https:\/\/uniluxhvac.com\/fr\/product_content\/refroidissement-chauffage-qui-ne-seteint-pas-apres-la-temperature-reglee-du-thermostat\/\">Le refroidissement\/chauffage ne s\u2019\u00e9teignent pas apr\u00e8s la temp\u00e9rature r\u00e9gl\u00e9e du thermostat<\/a><\/p>\t\t\t\t\t\t\t\t<\/div>\n\t\t\t\t<\/div>\n\t\t\t\t<\/div>\n\t\t\t\t\t<\/div>\n\t\t\t\t<\/div>\n\t\t\t\t<\/div>\n\t\t","protected":false},"featured_media":0,"template":"","product_name":[108],"content_group":[54],"class_list":["post-11065","product_content","type-product_content","status-publish","hentry","product_name-unilux-pro-am-thermostat","content_group-issue"],"acf":[],"_links":{"self":[{"href":"https:\/\/uniluxhvac.com\/fr\/wp-json\/wp\/v2\/product_content\/11065","targetHints":{"allow":["GET"]}}],"collection":[{"href":"https:\/\/uniluxhvac.com\/fr\/wp-json\/wp\/v2\/product_content"}],"about":[{"href":"https:\/\/uniluxhvac.com\/fr\/wp-json\/wp\/v2\/types\/product_content"}],"version-history":[{"count":1,"href":"https:\/\/uniluxhvac.com\/fr\/wp-json\/wp\/v2\/product_content\/11065\/revisions"}],"predecessor-version":[{"id":11066,"href":"https:\/\/uniluxhvac.com\/fr\/wp-json\/wp\/v2\/product_content\/11065\/revisions\/11066"}],"wp:attachment":[{"href":"https:\/\/uniluxhvac.com\/fr\/wp-json\/wp\/v2\/media?parent=11065"}],"wp:term":[{"taxonomy":"product_name","embeddable":true,"href":"https:\/\/uniluxhvac.com\/fr\/wp-json\/wp\/v2\/product_name?post=11065"},{"taxonomy":"content_group","embeddable":true,"href":"https:\/\/uniluxhvac.com\/fr\/wp-json\/wp\/v2\/content_group?post=11065"}],"curies":[{"name":"wp","href":"https:\/\/api.w.org\/{rel}","templated":true}]}}

<div data-elementor-type="wp-post" data-elementor-id="11065" class="elementor elementor-11065 elementor-9363" data-elementor-post-type="product_content">
				<div class="elementor-element elementor-element-df64245 e-flex e-con-boxed e-con e-parent" data-id="df64245" data-element_type="container" data-e-type="container">
					<div class="e-con-inner">
		<div class="elementor-element elementor-element-a7ec23b e-con-full e-flex e-con e-child" data-id="a7ec23b" data-element_type="container" data-e-type="container">
				<div class="elementor-element elementor-element-3ca8cc3 elementor-widget elementor-widget-text-editor" data-id="3ca8cc3" data-element_type="widget" data-e-type="widget" data-widget_type="text-editor.default">
				<div class="elementor-widget-container">
									<p class="noSpacingAbove spacingBelow" data-text-type="withSpacing">Le thermostat Unilux Pro AM n’est plus connecté au Wi-Fi. Vous pouvez acheter de nouveaux thermostats intelligents sur <a href="https://uniluxdirect.com/" rel="nofollow noopener" target="_blank">https://uniluxdirect.com/</a> ou contacter notre équipe Pièces et service pour toute question.</p>								</div>
				</div>
				</div>
		<div class="elementor-element elementor-element-475d987 e-con-full e-flex e-con e-child" data-id="475d987" data-element_type="container" data-e-type="container">
				<div class="elementor-element elementor-element-b8a206a elementor-widget elementor-widget-heading" data-id="b8a206a" data-element_type="widget" data-e-type="widget" data-widget_type="heading.default">
				<div class="elementor-widget-container">
					<h2 class="elementor-heading-title elementor-size-default">Liens utiles
</h2>				</div>
				</div>
				<div class="elementor-element elementor-element-bf14768 elementor-widget elementor-widget-text-editor" data-id="bf14768" data-element_type="widget" data-e-type="widget" data-widget_type="text-editor.default">
				<div class="elementor-widget-container">
									<p class="noSpacingAbove spacingBelow" data-text-type="withSpacing"><a href="https://uniluxhvac.com/fr/product_content/difficulte-a-lire-lecran-de-lunilux-pro-am/">Difficulté à lire l’écran de l’Unilux Pro AM</a></p><p class="noSpacingAbove spacingBelow" data-text-type="withSpacing"><a href="https://uniluxhvac.com/fr/product_content/le-thermostat-de-lunilux-pro-am-ne-se-reveille-pas/">L’écran de l’Unilux Pro AM ne se réveille pas</a></p><p class="noSpacingAbove spacingBelow" data-text-type="withSpacing"><a href="https://uniluxhvac.com/fr/product_content/la-temperature-ambiante-natteint-pas-la-temperature-reglee-du-thermostat/">La température de la pièce n’atteint pas la température réglée du thermostat</a></p><p class="noSpacingAbove spacingBelow" data-text-type="withSpacing"><a href="https://uniluxhvac.com/fr/product_content/refroidissement-chauffage-qui-ne-seteint-pas-apres-la-temperature-reglee-du-thermostat/">Le refroidissement/chauffage ne s’éteignent pas après la température réglée du thermostat</a></p>								</div>
				</div>
				</div>
					</div>
				</div>
				</div>
